{"id":1534,"date":"2020-10-27T11:47:44","date_gmt":"2020-10-27T10:47:44","guid":{"rendered":"http:\/\/fcimmap.cluster030.hosting.ovh.net\/?post_type=product&#038;p=1534"},"modified":"2023-10-09T21:06:13","modified_gmt":"2023-10-09T19:06:13","slug":"sacs-a-vrac-4","status":"publish","type":"product","link":"https:\/\/www.cout-hur.com\/?product=sacs-a-vrac-4","title":{"rendered":"Sacs \u00e0 vrac : Lot de 3"},"content":{"rendered":"<p>Avec ce lot de 3 sacs \u00e0 vrac vous pourrez vous simplifier la vie pendant vos prochains achats. Acheter en vrac devient tellement plus pratique et tellement plus styl\u00e9 gr\u00e2ce aux motifs modernes et aux belles couleurs des ces sacs.<\/p>\n<p>Ces sacs vous permettrons d&#8217;acheter vos l\u00e9gumes secs, vos fruits et l\u00e9gumes frais, votre riz, vos p\u00e2tes, votre pain&#8230;<\/p>\n<p>Le lot comprend 3 sacs. Ils se ferment gr\u00e2ce \u00e0 2 cordons en coton qu&#8217;il faut tirer simultan\u00e9ment pour une fermeture ultra rapide. Il sont en coton certifi\u00e9 Oeko-Tex (les encres utilis\u00e9es pour teindre le tissu ne sont pas nocives pour la sant\u00e9)<\/p>\n<p>Il est possible de constater un l\u00e9ger r\u00e9tr\u00e9cissement apr\u00e8s le premier lavage.<\/p>\n<p>Le tissu peut para\u00eetre un peu r\u00eache au premier abord car il est neuf, ne vous inqui\u00e9tez pas, il va s&#8217;adoucir au fil des lavages.<\/p>\n<p>Les combinaisons de coloris sont al\u00e9atoires. Si vous souhaitez des coloris particuliers n&#8217;h\u00e9sitez pas \u00e0 me contacter.<\/p>\n","protected":false},"excerpt":{"rendered":"<p>lot de 3 sacs \u00e0 vrac<\/p>\n","protected":false},"featured_media":3908,"comment_status":"open","ping_status":"closed","template":"","meta":[],"product_brand":[],"product_cat":[34],"product_tag":[],"class_list":{"0":"post-1534","1":"product","2":"type-product","3":"status-publish","4":"has-post-thumbnail","6":"product_cat-sacs-a-vrac-et-a-pain","8":"first","9":"instock","10":"shipping-taxable","11":"purchasable","12":"product-type-simple"},"jetpack_sharing_enabled":true,"_links":{"self":[{"href":"https:\/\/www.cout-hur.com\/index.php?rest_route=\/wp\/v2\/product\/1534","targetHints":{"allow":["GET"]}}],"collection":[{"href":"https:\/\/www.cout-hur.com\/index.php?rest_route=\/wp\/v2\/product"}],"about":[{"href":"https:\/\/www.cout-hur.com\/index.php?rest_route=\/wp\/v2\/types\/product"}],"replies":[{"embeddable":true,"href":"https:\/\/www.cout-hur.com\/index.php?rest_route=%2Fwp%2Fv2%2Fcomments&post=1534"}],"wp:featuredmedia":[{"embeddable":true,"href":"https:\/\/www.cout-hur.com\/index.php?rest_route=\/wp\/v2\/media\/3908"}],"wp:attachment":[{"href":"https:\/\/www.cout-hur.com\/index.php?rest_route=%2Fwp%2Fv2%2Fmedia&parent=1534"}],"wp:term":[{"taxonomy":"product_brand","embeddable":true,"href":"https:\/\/www.cout-hur.com\/index.php?rest_route=%2Fwp%2Fv2%2Fproduct_brand&post=1534"},{"taxonomy":"product_cat","embeddable":true,"href":"https:\/\/www.cout-hur.com\/index.php?rest_route=%2Fwp%2Fv2%2Fproduct_cat&post=1534"},{"taxonomy":"product_tag","embeddable":true,"href":"https:\/\/www.cout-hur.com\/index.php?rest_route=%2Fwp%2Fv2%2Fproduct_tag&post=1534"}],"curies":[{"name":"wp","href":"https:\/\/api.w.org\/{rel}","templated":true}]}}